at is -19 + 1?
-18
In base 16, what is -a + -18?
-22
In base 14, what is 100 + 2c?
12c
In base 7, what is 21 - -2106?
2130
In base 14, what is -120 + -3?
-123
In base 10, what is -5537 + -5?
-5542
In base 7, what is -5033 + 0?
-5033
In base 12, what is -19 - 3?
-20
In base 8, what is 33 - -66?
121
In base 5, what is -2 - 104014?
-104021
In base 12, what is 90 - 3?
89
In base 10, what is 7 - -46?
53
In base 13, what is -1 - -6a0?
69c
In base 2, what is 110000 + 10001?
1000001
In base 6, what is -21 - 2?
-23
In base 16, what is 18d + -1?
18c
In base 3, what is 22222022 + -1?
22222021
In base 6, what is 2 + 354?
400
In base 14, what is 4 + -56b?
-567
In base 4, what is 2 + -1000133?
-1000131
In base 6, what is 2 - -25?
31
In base 11, what is 101 - 2?
aa
In base 13, what is -5 - -1aa?
1a5
In base 8, what is 375 - 1?
374
In base 12, what is -517 + 4?
-513
In base 14, what is -2 - -283?
281
In base 9, what is 561 + 18?
580
In base 4, what is -11 - 22?
-33
In base 5, what is 0 - 1002?
-1002
In base 14, what is -5 + 31?
2a
In base 13, what is -1b + -2?
-20
In base 5, what is 102 - -4?
111
In base 5, what is -3 - -12110?
12102
In base 13, what is -25 - -1a3?
17b
In base 8, what is -20021 + 4?
-20015
In base 8, what is 62 - -146?
230
In base 5, what is -3 + -2013?
-2021
In base 3, what is -1022 - -20?
-1002
In base 10, what is 7 - -14?
21
In base 7, what is -151 + 44?
-104
In base 11, what is 0 - -76?
76
In base 6, what is -1 + 1315?
1314
In base 14, what is 763 + -6?
75b
In base 4, what is 10 - 332?
-322
In base 12, what is -1213 - -4?
-120b
In base 12, what is 77 + -3?
74
In base 9, what is 272 - 4?
267
In base 16, what is -4 - -761?
75d
In base 4, what is 120031 - 11?
120020
In base 13, what is 9 - -24?
30
In base 7, what is -12652 - -4?
-12645
In base 16, what is c9d + -5?
c98
In base 15, what is 1586 - 4?
1582
In base 11, what is -42 + 9?
-34
In base 5, what is -102123 - -3?
-102120
In base 16, what is -bd + 0?
-bd
In base 14, what is -4 - 3d3?
-3d7
In base 9, what is 1 + 58?
60
In base 7, what is 3 + 15?
21
In base 6, what is -4 - 412?
-420
In base 8, what is 310 - -14?
324
In base 13, what is a06 + -3?
a03
In base 16, what is 2 + 196?
198
In base 10, what is 4 - 2890?
-2886
In base 6, what is -5 - 13?
-22
In base 11, what is -26 + 41?
16
In base 2, what is 10101 - 100001?
-1100
In base 11, what is 1a81 - -5?
1a86
In base 6, what is -3 - -104?
101
In base 10, what is 446 - -7?
453
In base 13, what is 12 + -4?
b
In base 12, what is 7 + 16?
21
In base 5, what is 3 + -203?
-200
In base 16, what is -4 + 1b5?
1b1
In base 3, what is -10 + -1100?
-1110
In base 7, what is 4 - 2405?
-2401
In base 12, what is 5 + 6?
b
In base 11, what is 30 + -13?
18
In base 13, what is -1 + -1050?
-1051
In base 6, what is -255 - 531?
-1230
In base 13, what is -1 + -15?
-16
In base 14, what is -1272 - -5?
-126b
In base 14, what is -3 - 2a3?
-2a6
In base 9, what is -10 - -783?
773
In base 5, what is -401 - -4?
-342
In base 12, what is 3 - -1b2?
1b5
In base 10, what is -4 - 11?
-15
In base 11, what is -2 + -42?
-44
In base 6, what is -2 - 122?
-124
In base 16, what is 55 - -4?
59
In base 3, what is 1 + -1120?
-1112
In base 16, what is 37 + ab?
e2
In base 7, what is 311 - 166?
112
In base 14, what is -586 + -7?
-58d
In base 9, what is -103 + 3?
-100
In base 5, what is 3 - 4200?
-4142
In base 13, what is -5 + 1878?
1873
In base 14, what is 94 + -4?
90
In base 5, what is 344 - 31?
313
In base 11, what is -835 + 0?
-835
In base 3, what is 10 + 210012?
210022
In base 2, what is -10101 + -110101?
-1001010
In base 7, what is -35 + -165?
-233
In base 7, what is 4 - 46?
-42
In base 7, what is -56 - 1?
-60
In base 15, what is -2 - 10e?
-111
In base 9, what is 346 + 4?
351
In base 14, what is -7c5 + -1?
-7c6
In base 2, what is 0 + -1010110?
-1010110
In base 4, what is 22120 + 10?
22130
In base 15, what is 3 + 29c?
2a0
In base 6, what is 1541 - 2?
1535
In base 11, what is -48 + 2?
-46
In base 5, what is 1 + 311?
312
In base 2, what is -110100 + -11110?
-1010010
In base 13, what is -1713 - -8?
-1708
In base 7, what is 5 - -1161?
1166
In base 2, what is 11 + 1001?
1100
In base 8, what is 3533 - -1?
3534
In base 12, what is -723 + -7?
-72a
In base 6, what is -104031 - 5?
-104040
In base 11, what is 6 + 373?
379
In base 16, what is 1 - 2c?
-2b
In base 16, what is -15 - 1?
-16
In base 12, what is -4 - -2ab?
2a7
In base 2, what is -1010001 + -100?
-1010101
In base 4, what is 10 - -202?
212
In base 4, what is -2 - -2132?
2130
In base 11, what is 142 - -63?
1a5
In base 11, what is -1019 - -6?
-1013
In base 3, what is -1101 - 11?
-1112
In base 5, what is -21 + 14?
-2
In base 6, what is -4 + 14151?
14143
In base 2, what is 100 - -1000001011?
1000001111
In base 5, what is 31 + -123?
-42
In base 8, what is 233 + 4?
237
In base 14, what is -24 - 25?
-49
In base 10, what is 293 + -45?
248
In base 15, what is -6317 - -1?
-6316
In base 3, what is -12 + 2111?
2022
In base 4, what is -2201323 - -10?
-2201313
In base 13, what is 18 - -a?
25
In base 15, what is 195 + 5?
19a
In base 5, what is -120 + -3?
-123
In base 6, what is 3 - -1543?
1550
In base 5, what is 2 - 3310?
-3303
In base 13, what is -1 - 2a?
-2b
In base 3, what is -102010 - -21?
-101212
In base 14, what is d3 + -1?
d2
In base 9, what is -32 + -12?
-44
In base 7, what is -4 + 324?
320
In base 3, what is 12 + -120?
-101
In base 6, what is -11515 - -32?
-11443
In base 11, what is 3 + -652?
-64a
In base 9, what is -17 - -5?
-12
In base 15, what is -2 + 17a?
178
In base 13, what is 9a - -1?
9b
In base 3, what is -12 + 2102?
2020
In base 11, what is 4 - -87?
90
In base 14, what is a0 + -7?
97
In base 2, what is -11 - -1110011100?
1110011001
In base 3, what is -10101110 + -102?
-10101212
In base 10, what is 127 + 2?
129
In base 5, what is -1001230 + 0?
-1001230
In base 7, what is 2 + -6?
-4
In base 10, what is 89 - 73?
16
In base 16, what is 3 + -1f?
-1c
In base 9, what is 34 + -26?
7
In base 13, what is 2c - 231?
-202
In base 2, what is -11 + -101110?
-110001
In base 9, what is -6100 + 0?
-6100
In base 3, what is -1120010 - 0?
-1120010
In base 11, what is -1086 + 5?
-1081
In base 8, what is -21433 + -5?
-21440
In base 16, what is a - -1e?
28
In base 15, what is -5 + -13a?
-140
In base 10, what is 2532 + 4?
2536
In base 12, what is 3a78 - 3?
3a75
In base 8, what is -5663 - 4?
-5667
In base 15, what is 2 + -2c?
-2a
In base 7, what is -53 - -5?
-45
In base 14, what is -6a + 1?
-69
In base 13, what is 24 + 119?
140
In base 9, what is -145 + -3?
-148
In base 11, what is -5 - 2080?
-2085
In base 14, what is -5 + 11?
a
In base 10, what is -2 + 139?
137
In base 13, what is -b + 2b?
20
In base 5, what is -1 - 131?
-132
In base 7, what is -130 + -22?
-152
In base 7, what is -5610 + 5?
-5602
In base 15, what is -25 - 9?
-2e
In base 13, what is 4 + 3a?
41
In base 10, what is -928 + -3?
-931
In base 5, what is 1234 + -1121?
113
In base 11, what is 5 - 4?
1
In base 6, what is 11 - 331?
-320
In base 15, what is 7 + be?
c6
In base 11, what is -1 - 577?
-578
In base 3, what is 1 - -1222?
2000
In base 11, what is -3 - -385?
382
In base 7, what is 1 + 5103?
5104
In base 7, what is -4 + -115?
-122
In base 3, what is 1222121 + 0?
1222121
In base 4, what is -21110 + 22?
-21022
In base 15, what is 3 - -1a7?
1aa
In base 10, what is -4 - 25?
-29
In base 15, what is 3916 + -3?
3913
In base 10, what is 1 + 36?
37
In base 16, what is 64 - 45?
1f
In base 12, what is 206 - 23?
1a3
In base 15, what is -483 - -4?
-47e
In base 6, what is -2 - 10003?
-10005
In base 7, what is -1 + -106?
-110
In base 12, what is -10 + -442?
-452
In base 8, what is 25 + 2?
27
In base 13, what is -4 - ab3?
-ab7
In base 15, what is 169 + -4?
165
In base 7, what is -316 - -6?
-310
In base 15, what is 738 - -1?
739
In base 6, what is 123 - 2?
121
In base 10, what is -7433 + 0?
-7433
In base 13, what is 2 + 3410?
3412
In base 8, what is -17643 + -4?
-17647
In base 6, what is 0 - -11?
11
In base 9, what is -40 + 3?
-36
In base 9, what is 1 + -116?
-115
In base 13, what is 17a6 + 1?
17a7
In base 7, what is 205 - 3?
202
In base 12, what is 0 - 127?
-127
In base 11, what is 121a - 0?
121a
In base 14, what is -6 - 575?
-57b
In base 4, what is -11 + 3030?
3013
In base 10, what is -174 - -4?
-170
In base 2, 